e number?
True
Is 19885459 a prime number?
False
Is 41881109 a composite number?
True
Is 662 composite?
True
Is 37748603 a composite number?
False
Is 582246133 a prime number?
False
Is 6060581 prime?
True
Is 3233422 a composite number?
True
Is 2847419 a prime number?
False
Is 2874779 prime?
False
Is 41651839 prime?
True
Is 7720151 a prime number?
True
Is 19904785 a composite number?
True
Is 6803 prime?
True
Is 98594 a prime number?
False
Is 8132219 a prime number?
True
Is 3915931 a composite number?
False
Is 352817359 a composite number?
False
Is 216301 a composite number?
True
Is 38472277 a composite number?
False
Is 72501519 a composite number?
True
Is 16232731 prime?
True
Is 262200241 prime?
False
Is 4229809 a composite number?
False
Is 236723389 composite?
True
Is 36165797 a prime number?
False
Is 1023389 composite?
False
Is 11876077 a composite number?
False
Is 156034627 composite?
True
Is 5168071 a prime number?
True
Is 35925899 composite?
False
Is 13745177 prime?
True
Is 224447651 composite?
True
Is 242600587 a composite number?
False
Is 1925579 prime?
True
Is 85041317 composite?
False
Is 12457 a composite number?
False
Is 10118153 a prime number?
True
Is 199653103 prime?
False
Is 228593669 composite?
False
Is 115653649 a composite number?
False
Is 173643479 composite?
True
Is 50313799 prime?
True
Is 18691561 composite?
True
Is 76407017 a composite number?
True
Is 443855 composite?
True
Is 8397181 a composite number?
True
Is 8912087 a composite number?
False
Is 7870749 composite?
True
Is 5410486 composite?
True
Is 57447143 a composite number?
True
Is 19598011 a prime number?
False
Is 41253521 composite?
True
Is 86669 a prime number?
False
Is 2395202 a prime number?
False
Is 3462827 composite?
True
Is 462545801 a composite number?
True
Is 54286471 a prime number?
True
Is 104973643 a composite number?
True
Is 199164193 a composite number?
True
Is 3242021 a prime number?
False
Is 40257827 prime?
False
Is 6136073 composite?
False
Is 929657693 composite?
False
Is 53479 a composite number?
False
Is 31624583 composite?
True
Is 1782731 a composite number?
True
Is 1741651 composite?
False
Is 30460453 a prime number?
False
Is 5168701 composite?
True
Is 17264671 composite?
False
Is 1308977 a prime number?
True
Is 6251003 composite?
True
Is 1829477 a prime number?
False
Is 2861489 a prime number?
False
Is 1559737 prime?
False
Is 27880907 composite?
True
Is 97043 composite?
True
Is 2350999 a prime number?
False
Is 67189747 a prime number?
True
Is 3556663 a composite number?
True
Is 6065929 a composite number?
False
Is 27660455 prime?
False
Is 4900589 a prime number?
True
Is 1198447 a composite number?
False
Is 13628341 composite?
False
Is 35813579 a prime number?
False
Is 3667061 a prime number?
True
Is 291853 a composite number?
False
Is 973639 a composite number?
True
Is 49109 a prime number?
True
Is 381572209 a composite number?
True
Is 88667363 composite?
False
Is 18378959 prime?
True
Is 17873969 a prime number?
False
Is 11694707 composite?
False
Is 214356187 a composite number?
False
Is 8267561 a prime number?
True
Is 525127 a composite number?
False
Is 6568157 a composite number?
True
Is 6461999 prime?
True
Is 423528997 a composite number?
True
Is 4127377 a prime number?
True
Is 4557041 composite?
False
Is 5612153 composite?
True
Is 1212877 a prime number?
True
Is 8325179 a prime number?
True
Is 592283 composite?
True
Is 14183621 composite?
True
Is 297400379 composite?
False
Is 946769 a composite number?
False
Is 885338211 prime?
False
Is 24238499 prime?
True
Is 408743 a composite number?
False
Is 8378809 prime?
True
Is 14575651 a composite number?
False
Is 112698871 prime?
False
Is 106913161 composite?
True
Is 137217623 composite?
True
Is 5195831 prime?
True
Is 215022097 prime?
True
Is 1121047 composite?
False
Is 5434447 prime?
True
Is 914117 prime?
True
Is 782690995 a prime number?
False
Is 785793815 a prime number?
False
Is 7355093 a prime number?
True
Is 12109043 a composite number?
True
Is 5331167 a prime number?
True
Is 31757963 a prime number?
False
Is 117130099 composite?
True
Is 6151793 composite?
False
Is 204302641 prime?
False
Is 365025833 a prime number?
True
Is 15032203 prime?
True
Is 10948481 a prime number?
False
Is 368471 composite?
False
Is 2002601 prime?
False
Is 51602413 composite?
False
Is 13047241 composite?
True
Is 7812361 a composite number?
False
Is 132255161 prime?
True
Is 6943589 a prime number?
False
Is 223074581 a composite number?
False
Is 255091 a composite number?
True
Is 934597 composite?
False
Is 6537899 prime?
True
Is 6087827 a prime number?
True
Is 15769057 a composite number?
False
Is 36894019 a composite number?
True
Is 3727837 a prime number?
True
Is 39133 prime?
True
Is 46207061 prime?
True
Is 4428901 composite?
True
Is 22432691 composite?
False
Is 18962677 a prime number?
False
Is 36029419 a composite number?
False
Is 3717667 a composite number?
False
Is 10071697 prime?
True
Is 74558273 a prime number?
True
Is 72530713 a composite number?
False
Is 133462127 composite?
False
Is 20561767 a composite number?
False
Is 5914547 a prime number?
False
Is 3768386 composite?
True
Is 3364505 a composite number?
True
Is 18334007 a prime number?
False
Is 209078993 composite?
True
Is 337351337 a composite number?
False
Is 4563677 a prime number?
False
Is 8678927 composite?
False
Is 13613 a prime number?
True
Is 545242 prime?
False
Is 5866722337 composite?
True
Is 9486749 prime?
False
Is 147258667 prime?
True
Is 3907871 a composite number?
True
Is 1997027 a prime number?
False
Is 12678829 composite?
True
Is 42080774 prime?
False
Is 572733269 prime?
True
Is 10048193 a prime number?
True
Is 1270301 a composite number?
False
Is 122009 a composite number?
True
Is 2437591 a composite number?
True
Is 10504681 composite?
True
Is 356452637 prime?
True
Is 3864307 a prime number?
True
Is 38351153 a composite number?
False
Is 48850955 a composite number?
True
Is 18204367 composite?
True
Is 1994647 prime?
True
Is 12218417 a prime number?
True
Is 130860199 prime?
True
Is 15673799 composite?
False
Is 28269601 a composite number?
False
Is 1837177 a composite number?
True
Is 14098327 a composite number?
False
Is 644110162 prime?
False
Is 221602921 prime?
True
Is 49045279 composite?
False
Is 7934489 a prime number?
False
Is 2882561 prime?
False
Is 179629139 prime?
False
Is 727913 prime?
False
Is 624179 composite?
True
Is 95189 a composite number?
False
Is 1030153 prime?
True
Is 2905801 a prime number?
False
Is 52930607 a composite number?
False
Is 1941787 prime?
False
Is 47933 prime?
True
Is 23185397 a composite number?
True
Is 23833514 composite?
True
Is 6771871 prime?
True
Is 28936169 a prime number?
False
Is 1563209 prime?
True
Is 791329829 prime?
True
Is 4394818 composite?
True
Is 272309701 a composite number?
False
Is 187735949 a prime number?
True
Is 5602631 prime?
True
Is 946654 prime?
False
Is 3320537 a composite number?
True
Is 21835939 a prime number?
False
Is 501803 prime?
True
Is 39144811 prime?
False
Is 460180961 a composite number?
True
Is 5436391 prime?
True
Is 15733607 composite?
True
Is 1247907 prime?
False
Is 8743393 a prime number?
True
Is 385297 composite?
True
Is 1347733 a prime number?
True
Is 70918061 a prime number?
True
Is 1791641 composite?
True
Is 4400219 prime?
False
Is 167521 a composite number?
False
Is 1588253 prime?
True
Is 1146263 composite?
False
Is 27456587 composite?
False
Is 3380791 a composite number?
True
Is 5306773 a prime number?
False
Is 29117129 a prime number?
True
Is 7137029 a composite number?
False
Is 14095619 prime?
False
Is 4549229 a composite number?
False
Is 2780501 a composite number?
False
Is 11915333 a prime number?
False
Is 18382079 prime?
True
Is 489761 a prime number?
True
Is 31091 a prime number?
True
Is 42030721 a prime number?
False
Is 15698209 prime?
True
Is 3077569 prime?
False
Is 65325017 a prime number?
False
Is 434986906 a composite number?
True
Is 419648993 composite?
False
Is 42904541 composite?
True
Is 56363759 a prime number?
True
Is 15253187 a prime number?
False
Is 8790259 a prime number?
False
Is 51497317 prime?
False
Is 2122817 composite?
False
Is 27368149 a prime number?
True
Is 49530217 a composite number?
True
Is 2327060609 a prime number?
True
Is 454787 c